1)?
3, 7
Suppose 0 = -5*k - v + 682 - 51, k + 4*v - 130 = 0. What are the prime factors of k?
2, 3, 7
List the prime factors of (54/24)/((-6)/(-112)).
2, 3, 7
Let a = -20 + 20. Suppose 0 = 4*t - a*t - 156. What are the prime factors of t?
3, 13
Let o be 21 + 3/(-1) + 4. Suppose o = 2*y - 4*a, 0*y - 3*a = 2*y - 8. What are the prime factors of y?
7
Let z = -22 + 6. Let o be (-2)/(-10) + (-1440)/(-50). Let p = o + z. List the prime factors of p.
13
Let x be 0*(2 - 5/2). Suppose 2*w = 4*z - 27 - 3, x = 3*z - w - 20. List the prime factors of z.
5
Suppose -5*q - 20 = 0, y - 2*q = -2 + 60. List the prime factors of y.
2, 5
Let g(v) = 2*v - 5. Let t(j) = -j + 5. Let n(r) = 4*g(r) + 5*t(r). List the prime factors of n(6).
23
Let q be (0 - 2)*(1 + -2). Let y(w) = -34*w**3 - w**2 + w + 1. Let z be y(-1). Suppose -q*l + 5*l = z. List the prime factors of l.
11
Let r(g) = 2*g - 3. Let a be r(3). Let c = a + 0. Suppose -c*q + 8*q = 40. List the prime factors of q.
2
Let y = 520 + -302. What are the prime factors of y?
2, 109
Let b = -68 + 96. List the prime factors of b.
2, 7
Let q = -8 + 11. Suppose 11*m - 30 = 5*m. Suppose m = y - q. What are the prime factors of y?
2
Let s(p) = -p + 12. Let j(b) = b + 10. Let w be j(-6). What are the prime factors of s(w)?
2
Suppose 3*u - 3*l = -2*l + 211, -5*l + 65 = u. List the prime factors of u.
2, 5, 7
Let s(b) = -b**2 + 11*b + 2. Let k be s(9). Suppose 0 = r - 3*r - 3*g - 31, 4*r + 58 = -2*g. Let p = k + r. List the prime factors of p.
2, 3
Let s(d) = d + 1. Let z(b) = b + 1. Let v(n) = 4*s(n) - 3*z(n). Let q(t) = 4*t + 9. Let j(i) = -q(i) + 6*v(i). What are the prime factors of j(3)?
3
Let p(n) = n**2 - 10*n - 5. Let y be p(6). Let w = y + 44. Suppose 0 = -2*v + w + 3. What are the prime factors of v?
3
Let j be (-3)/(-6) + 14/4. Suppose 3*a = 4*a - j. Let m(u) = -u**3 + 6*u**2 - 5*u. What are the prime factors of m(a)?
2, 3
Let n = 11 - -3. Suppose -g = 4, -g - n = -2*s + g. List the prime factors of s.
3
Suppose -4*h + 7 = 3. Let c be 9 + 2/(2/h). Let f = c + -1. List the prime factors of f.
3
Suppose 5*d + 2 = p, -5*p + 6*d = 2*d + 11. List the prime factors of 3*-1 - (p + -3).
3
Suppose 70 = -5*x + 4*m, -20 = m + 3*m. Let c be x/(-8) - (-6)/8. Suppose -c*p + 14 + 28 = 0. What are the prime factors of p?
2, 7
Let z(k) = k**2 + 4*k + 10. What are the prime factors of z(-7)?
31
Suppose -9*r = -6*r + 36. List the prime factors of (r/(-1))/(2/6).
2, 3
Let r(f) = 5*f. List the prime factors of r(16).
2, 5
Let k = -20 + -3. Let c = k - -27. What are the prime factors of c?
2
Suppose 0 = 4*x + y + 2*y - 26, 3*x = 4*y + 7. Suppose u + 1 - 4 = 0. List the prime factors of ((-2)/u)/(x/(-30)).
2
Let k = -96 + 129. List the prime factors of k.
3, 11
Suppose -t - 15 = 4*t. Let f be -1*(t*2)/(-3). What are the prime factors of f/(-4) - (-11)/2?
2, 3
Suppose -5*d - b = -4*d + 21, -21 = d - b. Let s = d - -36. List the prime factors of s.
3, 5
Let r = 209 - -19. Suppose 2*g - r = -5*p, -p - 91 = -3*p - g. Suppose 5*c + 25 = 2*i - 0*i, -4*c = 5*i - p. List the prime factors of i.
2, 5
Let x = -5 + 8. Suppose -2*k + 0*i + 5*i + 18 = 0, x*i + 11 = k. What are the prime factors of k/(-1 - 34/(-36))?
2, 3
Let k = -10 - -18. Let t be 10/(-5) + k*2. Suppose -2*x + t = -0*x. What are the prime factors of x?
7
Let y(l) = -l**3 + 0*l**2 + 4 + 3*l**2 + l + 0. Let u be y(4). Let i(f) = -f + 2. List the prime factors of i(u).
2, 5
Let o(m) = -3*m**3 + 6*m**3 - 3*m**3 + 6*m + m**3 + 5*m**2. Let y be o(-4). Let x = y - -12. List the prime factors of x.
2
Suppose -r = -2*r + 5*m - 2, -m = -4*r + 11. Suppose -6*p + 6 = -3*p. Suppose p*v = 3*v - r. List the prime factors of v.
3
Let h be 6/(-9)*45/(-6). Suppose x = -5*c + 16 + 4, -x = h. List the prime factors of c.
5
Suppose -3*w - w + 16 = 0. Suppose -4*r = -w*t - t + 22, 2*t + 2*r = -2. List the prime factors of t.
2
Let o = -17 - -26. Suppose -o = 3*v - 36. List the prime factors of v.
3
Let k(a) = -21*a**3 + 2*a**2 + 2*a + 1. Let i be k(-1). Suppose -3*m + i = -m. What are the prime factors of m?
11
Suppose 0 = -2*y + j + 6, -2*y = j - 7 - 3. Suppose g = -y*g. Suppose 0 = 3*v - 6 - g. What are the prime factors of v?
2
Suppose 2*a + 14 = -2*m, -2*m - 1 - 5 = -2*a. Let o = m + -3. What are the prime factors of (o/(-10))/((-8)/(-100))?
2, 5
Suppose -19 = 2*g - 4*r + 7, r = 2*g + 20. Let v = g + 19. List the prime factors of v.
2, 5
Let m(l) = -174*l + 6. Let j be m(-5). Let k = j + -581. What are the prime factors of k/20 + 2/8?
3, 5
Let d be 0/((2 + -3)*1). Suppose d = 4*b + 4*v - 36, -5*v = 4*b - 4*v - 39. List the prime factors of b.
2, 5
Suppose -2*b - 5*i = 35, 3*b + i + i + 25 = 0. Let k = b - -13. List the prime factors of k.
2
Let o be -1*-6*(-4)/(-6). Suppose -y = o*y - 15. Let c = y + 6. What are the prime factors of c?
3
Let n be -1 - (-92)/8*6. Suppose -n - 32 = -5*p. What are the prime factors of p?
2, 5
Suppose -j = 3*j + 20. Let n(r) = -2*r. Let g be n(j). List the prime factors of g*1*1 + 0.
2, 5
What are the prime factors of 0 + 1 + 21 + -3?
19
Suppose 7*o - 2*o = 20. Let i = -12 + 10. What are the prime factors of ((-7)/i)/(1/o)?
2, 7
Let j = 8 - 5. Suppose 0 = -0*l + j*l - 36. Suppose 0 = -3*p + l + 12. What are the prime factors of p?
2
Let n(h) = 6*h**3 - 3*h**2 + 6. What are the prime factors of n(3)?
3, 47
Suppose -30 = -4*w - w. What are the prime factors of w - (0 - 0)/1?
2, 3
Let b be 6 + (2 - 1) + -2. Suppose -b*g + 4 = -146. Suppose -2*s + 5*s - g = 0. What are the prime factors of s?
2, 5
Let u(w) = -w + 4. Let h be u(4). Let s(z) = h*z - 1 + z**2 + 6*z + z + 6. What are the prime factors of s(-7)?
5
What are the prime factors of 2/(-8)*0 + 22?
2, 11
Suppose -7*i + 642 = -401. List the prime factors of i.
149
Let b = -165 + 325. List the prime factors of b.
2, 5
Let v(f) = 3*f + 18. List the prime factors of v(2).
2, 3
Suppose 0 = -2*s + k, -2*k = 2 - 6. Let u = s - -2. Suppose -50 = -u*v - 2*v. What are the prime factors of v?
2, 5
Let u be (-44)/(-6)*6/4. Suppose -9*j + u*j = 34. What are the prime factors of j?
17
Let s be 0/4 - (-6 - -1). Let x(k) = k**3 - 3*k**2 - 7*k + 7. What are the prime factors of x(s)?
2, 11
Let t = 69 - -1. What are the prime factors of t?
2, 5, 7
Let n = -4 - -7. Let t(x) = -x**2. Let d(a) = -2*a**2 + 1. Let o(p) = d(p) - 3*t(p). List the prime factors of o(n).
2, 5
Suppose -2*d - 58 = z, z + 4*d - 184 = 4*z. Let q = -31 - z. What are the prime factors of q?
29
Suppose s - 3*h - 247 = 0, -2*s - 1225 = -7*s + 5*h. List the prime factors of 2/9 + s/36.
7
Let d be (5 + -6)*(-1 + 9). Let z = -6 - d. Suppose 3*h = 4*j + z*h - 49, 4*j - 64 = 4*h. What are the prime factors of j?
11
Let x be (1 + -3)/((-10)/(-15)). List the prime factors of 8/(-6)*-18 + x.
3, 7
Suppose 3*g - 4*m = -7*m + 15, 0 = 5*g + 4*m - 20. Suppose 25 = -u + 6*u. Let y = g + u. List the prime factors of y.
5
Suppose 13*y + 1200 = 21*y. What are the prime factors of y?
2, 3, 5
Let d = 61 - 29. Suppose -2*w + 5*w = -5*o + d, -3*o = -5*w + 110. List the prime factors of w.
19
Let c(g) = 10*g - 6. What are the prime factors of c(5)?
2, 11
Let j(v) = -37*v + 2. List the prime factors of j(-5).
11, 17
Suppose -2*i = -3*n + 6, -4*i = 4*n + 8 - 36. Suppose 0 = -n*d - d + 50. List the prime factors of 5/25 - (-188)/d.
19
Suppose -40 = -2*j - 3*j. Suppose -s = 3*x - 12 - j, 3*s = 4*x + 86. List the prime factors of s.
2, 13
Let h(y) = y**3 + 15*y**2 + 14*y + 17. List the prime factors of h(-14).
17
Suppose -4*c = 2*w - 38, -2*c + 47 = 2*c + 5*w. What are the prime factors of c?
2
Let p(m) = -m**3 - m**2 + 2*m - 4. Let g be p(-3). Suppose g*x - 5*x - 12 = 0. What are the prime factors of (-2*x)/(-2 + 1)?
2
Let b = 1 - -2. Let p = b - 7. List the prime factors of -1*p/(-2) - -17.
3, 5
Let d(g) = -2*g**3 - 3*g**2 - 2*g + 2. List the prime factors of d(-3).
5, 7
Let v(f) = 18*f**2 + 2*f - 3. What are the prime factors of v(3)?
3, 5, 11
Let h(l) be the first derivative of 2*l**3/3 - l**2 + 5*l + 3. What are the prime factors of h(-3)?
29
Suppose 0 = -f + 11 + 45. List the prime factors of f.
2, 7
Suppose -3*d + 184 = d. Suppose 0 = -4*a - 2*b + d, -b = -a + 12 + 7. List the prime factors of a.
2, 7
Suppose -4*a + a = -12. Suppose -4 - 4 = a*z + 4*f, -14 = -z + 3*f. Suppose 0 = 